3)?
3
Let w(j) = j**2 - 2*j + 1. Let d be w(2). Let y(t) = 23*t. Let v be y(d). Suppose m + 10 = v. What is the units digit of m?
3
Let c(r) = -r - 5. Let j be c(-5). Suppose j = -a + 4 + 12. What is the units digit of a?
6
Let q be (-3)/(-2)*(-48)/(-18). Let s be (-3 - -3) + 2*13. Suppose -5*a = -s - q. What is the units digit of a?
6
Let y(j) = -j**3 - 6*j**2 - 2*j. Let d be ((-10)/3)/5*-6. Let a = -2 - d. What is the units digit of y(a)?
2
Suppose 7*t - 165 = 2*t. Let s = -21 + t. What is the units digit of s?
2
Let w(m) = -23*m + 35. What is the units digit of w(-6)?
3
Suppose -3*l + j + 5 = 0, -4*l + 4*j + 4 = -0*j. What is the tens digit of (l - -11)*(-3)/(-3)?
1
Let b be (-2 + -1 + 2)*1. Let d(o) = o**2 + o. Let l(s) = -9*s**3 - 7*s**2 - 5*s + 1. Let z(a) = 6*d(a) + l(a). What is the units digit of z(b)?
8
Let k(s) = s**2 - 5*s + 1. What is the tens digit of k(-3)?
2
Suppose 14 = -4*f + 82. What is the units digit of f?
7
Let u = -24 - -43. Let c be u + (1 - -1)/2. Let q = -9 + c. What is the units digit of q?
1
Suppose 2*k - 6*k = -2*n - 76, -4*n = -5*k + 92. Let b = 5 - -8. Let d = k - b. What is the units digit of d?
7
Let w be (-5)/(-1) + (-1 - 1). Let o = -3 + w. Suppose o = -3*s + 10 + 2. What is the units digit of s?
4
Let p be (-1)/2 - (-13)/2. Suppose -10 = -4*h + b, 2*h = -2*h - 3*b + 18. What is the units digit of (-4 + p)/(h - 1)?
1
What is the units digit of (126/30)/(-1*(-2)/30)?
3
Suppose -5*s + 26 + 4 = 0. Suppose 0 = -7*v + 4*v - 12. Let y = s + v. What is the units digit of y?
2
Suppose 2*t = 5*p + 9 + 4, -3 = -2*t - 5*p. Let a(o) = o**2 - 4*o + 5. What is the units digit of a(t)?
5
Suppose 0 = 3*q - 8*q + 10. Let m = 3 + q. What is the units digit of m?
5
Suppose -2*r + 0*r + 8 = 0. Suppose 2 = -4*p + 3*n - 0, r*n = -3*p - 14. What is the units digit of (-4 + p - -1)*-1?
5
Let j be 20/4*2/10. Suppose -4*k - 157 + 57 = -5*g, 5*k = g + j. What is the units digit of ((-4)/8)/((-2)/g)?
6
Let h be (1/(-1))/(8/(-48)). Suppose -26 = -4*a + h. What is the units digit of a?
8
What is the tens digit of (1 - 2)*(-3393)/13?
6
Suppose 70 = 3*h - h. What is the tens digit of h?
3
Let x = 1 + 2. Let v = 9 + x. What is the units digit of v?
2
Let p(o) = -o**3 + 17*o**2 - 29*o + 20. What is the tens digit of p(15)?
3
Let c = -117 + 191. What is the units digit of c?
4
Let u = 43 + -21. Suppose 39 = 2*i + 4*w + 9, -2*i - 2*w + u = 0. What is the units digit of i?
7
Suppose 2*c - 33 = -c. Let v(n) = 2*n**2 + 4*n + 3. Let d be v(-3). Suppose -c = -5*f + d, -3*f = -5*p - 2. What is the units digit of p?
2
Let l(t) = t**3 - 6*t**2 + t. Let k = -1 - -7. What is the units digit of l(k)?
6
Let c = 0 - -1. Let m(p) = 2*p - 6. Let t be m(5). Let j = t - c. What is the units digit of j?
3
Suppose 0 = -4*w - 91 + 435. What is the units digit of w?
6
Suppose j + 3*o = 1 + 3, 3*j - 12 = -3*o. What is the units digit of j?
4
Let k = 80 - 43. What is the tens digit of k?
3
Suppose 0 = -23*o + 27*o - 96. What is the units digit of o?
4
Let i(l) = -l**3 - 10*l**2 + 7. Let d = 4 - 1. Let t = -7 - d. What is the units digit of i(t)?
7
Let a(g) = -1 + g + 7 + g**2 + 0*g**2 + g**3. Let z = -9 - -9. What is the units digit of a(z)?
6
Let x = 65 + -41. What is the units digit of 394/11 - x/(-132)?
6
Suppose 40 = 4*l - 4*y, -4*l + 32 = l + 4*y. What is the units digit of l?
8
Let u = -13 - -19. Suppose u = l - 0. Let d = 6 + l. What is the tens digit of d?
1
Let p(f) = -f**3 - 4*f**2 - 3*f - 4. Let d be p(-3). What is the units digit of (-2)/d*4*4?
8
Let r(m) = -8*m - 6. Let q = 10 - 16. What is the units digit of r(q)?
2
Let j = 316 - 116. What is the tens digit of j?
0
Let i(x) = 37*x**2 + x. What is the tens digit of i(-1)?
3
Let l(p) = -p**2 + 8*p - 7. Let t be l(7). Suppose t = 2*m - h - 57, -m = 2*h - 0*h - 31. What is the tens digit of m?
2
Let c(l) = -l**3 + 7*l**2 + 7*l + 11. Let r be c(8). Let q = r + -20. Let h = q - -27. What is the units digit of h?
0
Suppose 4*x = 20, 8 = g + 3*x - 17. Let p be (-63)/(-36)*g*2. Let w = p - 24. What is the tens digit of w?
1
What is the units digit of 21 - (-3)/(-6)*-4?
3
Suppose -3*x + 52 = -x. What is the units digit of x?
6
Let b = 136 + -60. What is the units digit of b?
6
Suppose -o = -0 - 6. Suppose 0 = -3*j + 4*d + 51, 2*d = 5*j - 79 - o. What is the tens digit of j?
1
Suppose -7*g + 2*g + 20 = 4*f, -g + 4 = -f. Suppose 2 - 10 = -g*a. Suppose a*c - 48 = -2*c. What is the tens digit of c?
1
Let x = 1 - 1. Let t be (2/(-5))/((-13)/(-65)). Let q = x - t. What is the units digit of q?
2
Suppose 4*a - 5*q = 37, -a + 2 = 3*q - 3. What is the units digit of a?
8
Let l = 68 - -234. What is the tens digit of l?
0
Suppose 2*h - 1094 = -3*h + 2*t, 4*h - 880 = 4*t. What is the tens digit of h?
1
Suppose 5*c = 5*w - 40, -4*w + 0*c + 31 = -5*c. Let a = 71 + -104. What is the units digit of 6/(-9) - a/w?
3
Let q = -6 - -9. Suppose 14 = 2*d + 5*r - 31, -4*r - 56 = -q*d. What is the tens digit of d?
2
Let x(t) = 3*t**2 + 8*t + 6. What is the units digit of x(-4)?
2
Let g be -4*(-2)/(0 - -2). Suppose 3*a + y = -y - 20, 0 = -5*a + g*y - 4. What is the units digit of (a/(-4))/(1/5)?
5
Let a be (-3)/(-3)*(0 - 11). Let u = a + 25. What is the tens digit of u?
1
Let w = 53 - -27. Suppose 5*d = -0*d + w. Suppose 41 - d = 5*p. What is the units digit of p?
5
Suppose -a + 13 = 2*b, -4*b + 4*a + 20 = -3*b. What is the tens digit of ((-22)/(-8) - -3)*b?
4
Let i be 16/4*3/(-4). Let d(r) = 3*r**2 + 1. Let a be d(i). What is the units digit of a/(-6)*(-3)/2?
7
Suppose -3*v - 35 + 8 = -3*s, 5*v = 0. What is the units digit of (-3)/9*-2*s?
6
Let g = 29 - -3. What is the units digit of g?
2
Let v = -5 - -10. Suppose x = -0*x + 2. Suppose -v*m = -3 - x. What is the units digit of m?
1
Let o(z) = -z**3 + 11*z**2 + 12*z + 3. Let r be o(12). Let u(l) be the third derivative of l**5/60 - l**4/8 + l**3/6 + l**2. What is the units digit of u(r)?
1
Let c(i) be the first derivative of -i**4/4 + 8*i**3/3 + 9*i**2/2 + 4*i + 3. What is the units digit of c(9)?
4
Suppose -1 = f - 2. What is the units digit of f?
1
Let d(q) = 2*q**2 + 4*q + 26. What is the tens digit of d(8)?
8
Let p = 3 + 9. What is the tens digit of (56 - p)/(3 + -1)?
2
Let q(x) = x - 3. Let y be q(7). Let h = y + 1. Suppose -h*c = -2*c - 18. What is the units digit of c?
6
Suppose 0 = -8*h + 2*h + 6. What is the units digit of h?
1
What is the tens digit of 2/(-12) - 121/(-6)?
2
Let y(i) = i**3 + 4*i**2 + 2*i - 1. Let f be y(-2). Let l be (4/14)/((-2)/(-14)). Suppose -l - f = -s. What is the units digit of s?
5
Let u = -37 + 61. What is the tens digit of u?
2
Let k(l) = l**3 + 12*l**2 + 19*l - 1. Let x be k(-10). Let i(s) = s**3 - 3*s**2 - 2*s - 3. Let d be i(4). Let z = x - d. What is the units digit of z?
4
Suppose -3*h + 1 = -i - 3, 5*h - 2*i = 7. What is the units digit of h?
1
Let h be (-1 - 1) + 2 + -1. Let b be 0 - h - -2 - -1. What is the tens digit of 190/15*6/b?
1
Let t(q) be the first derivative of 22*q**3/3 - q**2/2 - 3. What is the tens digit of t(1)?
2
Suppose -3*x + 0*a - 3*a = 444, -2*a + 586 = -4*x. Let c = -96 - x. What is the units digit of c?
1
Suppose 1 - 31 = -5*w. Suppose 3*q = w*q - 15. Suppose 39 = 3*v - 3*p, 0 = 4*v + 2*p + q - 45. What is the tens digit of v?
1
Let a be ((-27)/(-2))/((-2)/(-20)). Suppose 2*z - a = -z. What is the units digit of z?
5
Let f = 195 + -83. Suppose -b + 5*b + f = 4*a, 0 = -a - 5*b + 22. What is the units digit of a?
7
Let f = 3 - 4. Let i = f - 1. What is the units digit of 3/i*2*-3?
9
Let a = -3 - -8. Suppose 5*m = 4*m + a. What is the units digit of m?
5
Let j(v) = -v + 7. Let p be j(7). Suppose 0*w + 32 = 4*y + 4*w, p = -y - 4*w + 11. What is the units digit of y?
7
Let f = -1 + 46. Suppose -1 + 21 = v + 3*k, 4*v + 5*k - f = 0. Suppose 9 + 21 = v*y. What is the units digit of y?
6
Let x = -14 + 24. Let c be 35/x*(-3 - -1). Let g(t) = t**2 + 7*t + 10. What is the tens digit of g(c)?
1
Suppose 4*u + 5*f + 10 = 2, 5*u + 2*f = 7. Suppose 0 = u*k - 12, -3*l + 5*k + 3 = 17. Let c(o) = 2*o + 1. What is the units digit of c(l)?
5
Suppose -2 = -r + 1. What is the tens digit of (1 + -3)*(-8 + r)?
1
Suppose 930 = -8*k + 11*k. What is the tens digit of k?
1
Suppose -70 = -2*k - 5*g, -3*g + 0*g = k - 33. What is the units digit of k?
